97583 a composite number?
True
Is 6851501563 composite?
True
Is 7079830201 a composite number?
False
Is 17910804542 a composite number?
True
Is 262306127 prime?
False
Is 149272364069 a composite number?
True
Is 160584673 a composite number?
False
Is 33590559 a composite number?
True
Is 1790726149 a composite number?
True
Is 39813569693 a composite number?
True
Is 140512409 a composite number?
True
Is 4256652247 prime?
True
Is 191354822543 a composite number?
True
Is 8816905987 a composite number?
True
Is 6444417319 a composite number?
False
Is 320373707 a composite number?
False
Is 8642569277 prime?
True
Is 343457921 prime?
True
Is 4863698311 a composite number?
False
Is 109901557 a composite number?
True
Is 123014274179 a prime number?
True
Is 47147119 composite?
False
Is 4405254979 a prime number?
True
Is 7279462391 prime?
False
Is 6601085539 a composite number?
False
Is 4710016891 composite?
True
Is 1029421457 composite?
True
Is 29748407261 composite?
False
Is 1904077639 a prime number?
False
Is 1002335107 a composite number?
True
Is 3354795721 a prime number?
False
Is 2216860381 prime?
True
Is 2148714245 a prime number?
False
Is 135738671065 prime?
False
Is 11656199185 prime?
False
Is 686583343 a composite number?
False
Is 4424431 prime?
False
Is 450117247 a prime number?
False
Is 3819977779 a composite number?
False
Is 5851571221 prime?
True
Is 5445923335 prime?
False
Is 80356794181 prime?
False
Is 18644525509 composite?
False
Is 234782047 a composite number?
False
Is 940225731 a prime number?
False
Is 14682842035 composite?
True
Is 606022939 composite?
False
Is 3784563077 a composite number?
False
Is 54292693891 prime?
True
Is 992735929 a composite number?
True
Is 477774959 composite?
False
Is 62726517565 a composite number?
True
Is 1957087835 prime?
False
Is 96946158019 a prime number?
False
Is 16455116353 a prime number?
False
Is 5687521709 a composite number?
True
Is 21499967387 prime?
True
Is 4320336919 a prime number?
True
Is 2100410563 composite?
False
Is 2438640523 a composite number?
True
Is 94841540569 prime?
True
Is 9038380189 a composite number?
False
Is 116372736782 prime?
False
Is 5413877831 a prime number?
False
Is 27439156207 a prime number?
False
Is 576822749 prime?
True
Is 7858142753 composite?
False
Is 2717141143 prime?
True
Is 5591643535 prime?
False
Is 2677647653 composite?
True
Is 34459496131 a prime number?
True
Is 3791974757 prime?
True
Is 11460598483 prime?
True
Is 150202942289 prime?
False
Is 2174174311 a composite number?
True
Is 5190875621 a prime number?
True
Is 146461507 a composite number?
False
Is 315137711 a prime number?
False
Is 2442225167 a prime number?
False
Is 226925641 a composite number?
False
Is 18822023659 a prime number?
True
Is 6502232179 prime?
True
Is 154624243 a prime number?
False
Is 10200461 prime?
True
Is 2377862321 a prime number?
True
Is 37838677943 prime?
False
Is 22315463 a prime number?
False
Is 164819890453 a prime number?
True
Is 165711743 a prime number?
False
Is 3196058513 a prime number?
True
Is 7103726303 a prime number?
True
Is 9607376623 a composite number?
True
Is 24133489701 a composite number?
True
Is 6131009947 a composite number?
False
Is 5267982413 a composite number?
False
Is 575675147 composite?
True
Is 5915937023 prime?
True
Is 879703447 prime?
False
Is 271288717913 a prime number?
True
Is 84137266393 a prime number?
True
Is 3454582493 a composite number?
False
Is 2364874229 prime?
True
Is 12152567423 prime?
True
Is 19321165859 a composite number?
False
Is 82638389261 prime?
True
Is 1509263695 composite?
True
Is 1629831629 a prime number?
False
Is 5481509197 composite?
True
Is 1950223073 a prime number?
True
Is 100985957 a prime number?
False
Is 4004136673 a prime number?
True
Is 13959302611 a composite number?
False
Is 370691962 prime?
False
Is 14617770823 prime?
True
Is 30576035983 prime?
False
Is 43642541 composite?
True
Is 439311929 prime?
False
Is 101201669 a prime number?
False
Is 9090394387 prime?
True
Is 10517086843 prime?
False
Is 131432794 composite?
True
Is 11259839 prime?
False
Is 235307239 prime?
False
Is 224734637 a composite number?
True
Is 14596781831 a composite number?
False
Is 89821313897 composite?
True
Is 376710913 a composite number?
False
Is 11113061233 a composite number?
True
Is 381162751 a composite number?
True
Is 14231924947 prime?
False
Is 302735743 composite?
False
Is 12110093369 a composite number?
True
Is 1134866099 a prime number?
False
Is 99719153 prime?
False
Is 114689116369 prime?
True
Is 3401224601 composite?
True
Is 32112009913 composite?
False
Is 252882698891 prime?
False
Is 5759241377 prime?
False
Is 569950573 composite?
False
Is 6967880761 a composite number?
True
Is 11200750871 composite?
True
Is 235490587 a composite number?
True
Is 45700628819 prime?
True
Is 63981318887 prime?
True
Is 215563913 composite?
False
Is 42829577383 a composite number?
False
Is 4802258651 a composite number?
True
Is 2103005273 composite?
False
Is 837830951 composite?
False
Is 608965817 a prime number?
True
Is 345962221 a composite number?
True
Is 572515289 a composite number?
True
Is 2744074589 composite?
False
Is 3481586377 a prime number?
False
Is 32221565351 prime?
False
Is 4830057053 prime?
True
Is 8664367633 a prime number?
False
Is 15533841341 a prime number?
False
Is 52307039765 prime?
False
Is 543962117 a composite number?
False
Is 1215616469 a prime number?
True
Is 15218151211 a composite number?
False
Is 2395121011 a composite number?
False
Is 958445497 composite?
False
Is 84281676641 a prime number?
True
Is 52952833 a composite number?
False
Is 457288627 a composite number?
True
Is 7764050327 a composite number?
True
Is 152096564419 prime?
False
Is 660115213 a composite number?
False
Is 7048515781 composite?
False
Is 286127759 a composite number?
True
Is 24060477073 prime?
True
Is 14993431439 a composite number?
True
Is 653934401 a composite number?
True
Is 275996899 a prime number?
True
Is 30504828293 a composite number?
True
Is 2771157037 composite?
True
Is 453767569 a composite number?
True
Is 130507549 composite?
False
Is 2647773659 composite?
False
Is 57659353267 prime?
True
Is 2098539199 a prime number?
False
Is 480770138 a prime number?
False
Is 487470223 a composite number?
True
Is 1949792587 composite?
True
Is 24191458771 prime?
True
Is 4741516697 a prime number?
True
Is 2596210187 a composite number?
False
Is 29664688231 a composite number?
False
Is 8445007369 composite?
False
Is 12884041 composite?
False
Is 82061680889 prime?
True
Is 41053921339 a composite number?
True
Is 816545413 composite?
False
Is 7186816293 composite?
True
Is 2720418923 a prime number?
True
Is 1234270649 a composite number?
False
Is 623758481 composite?
False
Is 185565719723 a prime number?
True
Is 34899734977 a composite number?
True
Is 1376758087 prime?
True
Is 1303485979 a composite number?
False
Is 604613069 a composite number?
False
Is 19848742493 a prime number?
True
Is 39700940443 a prime number?
True
Is 1076677631 prime?
True
Is 3219738889 composite?
False
Is 15432171797 a prime number?
False
Is 7036207063 a prime number?
False
Is 28872324227 composite?
False
Is 948224155 a composite number?
True
Is 3213418469 a prime number?
False
Is 75193900685 prime?
False
Is 9411052303 a composite number?
False
Is 1643721031 a prime number?
True
Is 23141398295 a composite number?
True
Is 330023069 composite?
True
Is 549959671 prime?
True
Is 8324542553 a composite number?
True
Is 1196533487 a prime number?
False
Is 1453898339 prime?
False
Is 186244361 prime?
False
Is 8935858355 composite?
True
Is 28150205935 a prime number?
False
Is 18064095367 a prime number?
True
Is 70555518563 composite?
True
Is 75828374317 composite?
False
Is 105563000311 composite?
True
Is 4912117237 prime?
False
Is 24553872901 a prime number?
False
Is 283469309 a prime number?
False
Is 308546383 prime?
True
Is 2251582741 prime?
True
Is 18226010899 a composite number?
True
Is 199826884109 a prime number?
True
Is 14017984637 prime?
False
Is 11084883637 a composite number?
True
Is 1376411473 composite?
True
Is 6377988401 composite?
False
Is 35965745 a prime number?
False
Is 12363167463 composite?
True
Is 6619955939 prime?
True
Is 10373607449 prime?
True
Is 54302244329 composite?
True
